{"id":1097,"date":"2017-06-17T12:11:13","date_gmt":"2017-06-17T16:11:13","guid":{"rendered":"\/files\/2017\/06\/photo-de-groupe-recadr\u00e9e.jpg"},"modified":"2017-06-17T12:11:13","modified_gmt":"2017-06-17T16:11:13","slug":"photo-de-groupe-recadree","status":"inherit","type":"attachment","link":"https:\/\/melaniedubois.com\/en\/notre-equipe\/attachment\/photo-de-groupe-recadree\/","title":{"rendered":"photo de groupe recadr\u00e9e"},"author":1156,"featured_media":0,"comment_status":"open","ping_status":"closed","template":"","meta":{"_acf_changed":false},"class_list":["post-1097","attachment","type-attachment","status-inherit","hentry"],"acf":[],"yoast_head":"<!-- This site is optimized with the Yoast SEO plugin v26.7 - https:\/\/yoast.com\/wordpress\/plugins\/seo\/ -->\n<title>photo de groupe recadr\u00e9e - \u00c9quipe M\u00e9lanie Dubois<\/title>\n<meta name=\"robots\" content=\"index, follow, max-snippet:-1, max-image-preview:large, max-video-preview:-1\" \/>\n<link rel=\"canonical\" href=\"https:\/\/melaniedubois.com\/files\/2017\/06\/photo-de-groupe-recadr\u00e9e.jpg\" \/>\n<meta property=\"og:locale\" content=\"en_US\" \/>\n<meta property=\"og:type\" content=\"article\" \/>\n<meta property=\"og:title\" content=\"photo de groupe recadr\u00e9e - \u00c9quipe M\u00e9lanie Dubois\" \/>\n<meta property=\"og:url\" content=\"https:\/\/melaniedubois.com\/files\/2017\/06\/photo-de-groupe-recadr\u00e9e.jpg\" \/>\n<meta property=\"og:site_name\" content=\"\u00c9quipe M\u00e9lanie Dubois\" \/>\n<meta property=\"og:image\" content=\"https:\/\/melaniedubois.com\/files\/2017\/06\/photo-de-groupe-recadr\u00e9e.jpg\" \/>\n\t<meta property=\"og:image:width\" content=\"950\" \/>\n\t<meta property=\"og:image:height\" content=\"452\" \/>\n\t<meta property=\"og:image:type\" content=\"image\/jpeg\" \/>\n<meta name=\"twitter:card\" content=\"summary_large_image\" \/>\n<script type=\"application\/ld+json\" class=\"yoast-schema-graph\">{\"@context\":\"https:\/\/schema.org\",\"@graph\":[{\"@type\":\"WebPage\",\"@id\":\"https:\/\/melaniedubois.com\/files\/2017\/06\/photo-de-groupe-recadr\u00e9e.jpg\",\"url\":\"https:\/\/melaniedubois.com\/files\/2017\/06\/photo-de-groupe-recadr\u00e9e.jpg\",\"name\":\"photo de groupe recadr\u00e9e - \u00c9quipe M\u00e9lanie Dubois\",\"isPartOf\":{\"@id\":\"https:\/\/melaniedubois.com\/en\/#website\"},\"datePublished\":\"2017-06-17T16:11:13+00:00\",\"breadcrumb\":{\"@id\":\"https:\/\/melaniedubois.com\/files\/2017\/06\/photo-de-groupe-recadr\u00e9e.jpg#breadcrumb\"},\"inLanguage\":\"en-US\",\"potentialAction\":[{\"@type\":\"ReadAction\",\"target\":[\"https:\/\/melaniedubois.com\/files\/2017\/06\/photo-de-groupe-recadr\u00e9e.jpg\"]}]},{\"@type\":\"BreadcrumbList\",\"@id\":\"https:\/\/melaniedubois.com\/files\/2017\/06\/photo-de-groupe-recadr\u00e9e.jpg#breadcrumb\",\"itemListElement\":[{\"@type\":\"ListItem\",\"position\":1,\"name\":\"Accueil\",\"item\":\"https:\/\/melaniedubois.com\/en\/\"},{\"@type\":\"ListItem\",\"position\":2,\"name\":\"Our team\",\"item\":\"https:\/\/melaniedubois.com\/en\/notre-equipe\/\"},{\"@type\":\"ListItem\",\"position\":3,\"name\":\"photo de groupe recadr\u00e9e\"}]},{\"@type\":\"WebSite\",\"@id\":\"https:\/\/melaniedubois.com\/en\/#website\",\"url\":\"https:\/\/melaniedubois.com\/en\/\",\"name\":\"\u00c9quipe M\u00e9lanie Dubois\",\"description\":\"Courtier immobilier Montr\u00e9al, KW Connexion\",\"potentialAction\":[{\"@type\":\"SearchAction\",\"target\":{\"@type\":\"EntryPoint\",\"urlTemplate\":\"https:\/\/melaniedubois.com\/en\/?s={search_term_string}\"},\"query-input\":{\"@type\":\"PropertyValueSpecification\",\"valueRequired\":true,\"valueName\":\"search_term_string\"}}],\"inLanguage\":\"en-US\"}]}<\/script>\n<!-- \/ Yoast SEO plugin. -->","yoast_head_json":{"title":"photo de groupe recadr\u00e9e - \u00c9quipe M\u00e9lanie Dubois","robots":{"index":"index","follow":"follow","max-snippet":"max-snippet:-1","max-image-preview":"max-image-preview:large","max-video-preview":"max-video-preview:-1"},"canonical":"https:\/\/melaniedubois.com\/files\/2017\/06\/photo-de-groupe-recadr\u00e9e.jpg","og_locale":"en_US","og_type":"article","og_title":"photo de groupe recadr\u00e9e - \u00c9quipe M\u00e9lanie Dubois","og_url":"https:\/\/melaniedubois.com\/files\/2017\/06\/photo-de-groupe-recadr\u00e9e.jpg","og_site_name":"\u00c9quipe M\u00e9lanie Dubois","og_image":[{"width":950,"height":452,"url":"https:\/\/melaniedubois.com\/files\/2017\/06\/photo-de-groupe-recadr\u00e9e.jpg","type":"image\/jpeg"}],"twitter_card":"summary_large_image","schema":{"@context":"https:\/\/schema.org","@graph":[{"@type":"WebPage","@id":"https:\/\/melaniedubois.com\/files\/2017\/06\/photo-de-groupe-recadr\u00e9e.jpg","url":"https:\/\/melaniedubois.com\/files\/2017\/06\/photo-de-groupe-recadr\u00e9e.jpg","name":"photo de groupe recadr\u00e9e - \u00c9quipe M\u00e9lanie Dubois","isPartOf":{"@id":"https:\/\/melaniedubois.com\/en\/#website"},"datePublished":"2017-06-17T16:11:13+00:00","breadcrumb":{"@id":"https:\/\/melaniedubois.com\/files\/2017\/06\/photo-de-groupe-recadr\u00e9e.jpg#breadcrumb"},"inLanguage":"en-US","potentialAction":[{"@type":"ReadAction","target":["https:\/\/melaniedubois.com\/files\/2017\/06\/photo-de-groupe-recadr\u00e9e.jpg"]}]},{"@type":"BreadcrumbList","@id":"https:\/\/melaniedubois.com\/files\/2017\/06\/photo-de-groupe-recadr\u00e9e.jpg#breadcrumb","itemListElement":[{"@type":"ListItem","position":1,"name":"Accueil","item":"https:\/\/melaniedubois.com\/en\/"},{"@type":"ListItem","position":2,"name":"Our team","item":"https:\/\/melaniedubois.com\/en\/notre-equipe\/"},{"@type":"ListItem","position":3,"name":"photo de groupe recadr\u00e9e"}]},{"@type":"WebSite","@id":"https:\/\/melaniedubois.com\/en\/#website","url":"https:\/\/melaniedubois.com\/en\/","name":"\u00c9quipe M\u00e9lanie Dubois","description":"Courtier immobilier Montr\u00e9al, KW Connexion","potentialAction":[{"@type":"SearchAction","target":{"@type":"EntryPoint","urlTemplate":"https:\/\/melaniedubois.com\/en\/?s={search_term_string}"},"query-input":{"@type":"PropertyValueSpecification","valueRequired":true,"valueName":"search_term_string"}}],"inLanguage":"en-US"}]}},"description":{"rendered":"<p class=\"attachment\"><a href='https:\/\/melaniedubois.com\/files\/2017\/06\/photo-de-groupe-recadr\u00e9e.jpg'><img loading=\"lazy\" decoding=\"async\" width=\"300\" height=\"143\" src=\"https:\/\/melaniedubois.com\/files\/2017\/06\/photo-de-groupe-recadr\u00e9e-300x143.jpg\" class=\"attachment-medium size-medium\" alt=\"\" srcset=\"https:\/\/melaniedubois.com\/files\/2017\/06\/photo-de-groupe-recadr\u00e9e-300x143.jpg 300w, https:\/\/melaniedubois.com\/files\/2017\/06\/photo-de-groupe-recadr\u00e9e-768x365.jpg 768w, https:\/\/melaniedubois.com\/files\/2017\/06\/photo-de-groupe-recadr\u00e9e.jpg 950w\" sizes=\"auto, (max-width: 300px) 100vw, 300px\" \/><\/a><\/p>\n"},"caption":{"rendered":""},"alt_text":"","media_type":"image","mime_type":"image\/jpeg","media_details":{"width":950,"height":452,"file":"2017\/06\/photo-de-groupe-recadr\u00e9e.jpg","sizes":{"thumbnail":{"file":"photo-de-groupe-recadr\u00e9e-150x150.jpg","width":150,"height":150,"mime_type":"image\/jpeg","source_url":"https:\/\/melaniedubois.com\/files\/2017\/06\/photo-de-groupe-recadr\u00e9e-150x150.jpg"},"medium":{"file":"photo-de-groupe-recadr\u00e9e-300x143.jpg","width":300,"height":143,"mime_type":"image\/jpeg","source_url":"https:\/\/melaniedubois.com\/files\/2017\/06\/photo-de-groupe-recadr\u00e9e-300x143.jpg"},"medium_large":{"file":"photo-de-groupe-recadr\u00e9e-768x365.jpg","width":768,"height":365,"mime_type":"image\/jpeg","source_url":"https:\/\/melaniedubois.com\/files\/2017\/06\/photo-de-groupe-recadr\u00e9e-768x365.jpg"},"full":{"file":"photo-de-groupe-recadr\u00e9e.jpg","width":950,"height":452,"mime_type":"image\/jpeg","source_url":"https:\/\/melaniedubois.com\/files\/2017\/06\/photo-de-groupe-recadr\u00e9e.jpg"}},"image_meta":{"aperture":"0","credit":"","camera":"","caption":"","created_timestamp":"0","copyright":"","focal_length":"0","iso":"0","shutter_speed":"0","title":"","orientation":"0","keywords":[]}},"post":253,"source_url":"https:\/\/melaniedubois.com\/files\/2017\/06\/photo-de-groupe-recadr\u00e9e.jpg","_links":{"self":[{"href":"https:\/\/melaniedubois.com\/en\/wp-json\/wp\/v2\/media\/1097","targetHints":{"allow":["GET"]}}],"collection":[{"href":"https:\/\/melaniedubois.com\/en\/wp-json\/wp\/v2\/media"}],"about":[{"href":"https:\/\/melaniedubois.com\/en\/wp-json\/wp\/v2\/types\/attachment"}],"author":[{"embeddable":true,"href":"https:\/\/melaniedubois.com\/en\/wp-json\/wp\/v2\/users\/1156"}],"replies":[{"embeddable":true,"href":"https:\/\/melaniedubois.com\/en\/wp-json\/wp\/v2\/comments?post=1097"}],"wp:attached-to":[{"embeddable":true,"post_type":"page","id":253,"href":"https:\/\/melaniedubois.com\/en\/wp-json\/wp\/v2\/pages\/253"}],"curies":[{"name":"wp","href":"https:\/\/api.w.org\/{rel}","templated":true}]}}

/files/2017/06/photo-de-groupe-recadrée.jpg

photo de groupe recadrée

<!-- This site is optimized with the Yoast SEO plugin v26.7 - https://yoast.com/wordpress/plugins/seo/ -->
<title>photo de groupe recadrée - Équipe Mélanie Dubois</title>
<meta name="robots" content="index, follow, max-snippet:-1, max-image-preview:large, max-video-preview:-1" />
<link rel="canonical" href="https://melaniedubois.com/files/2017/06/photo-de-groupe-recadrée.jpg" />
<meta property="og:locale" content="en_US" />
<meta property="og:type" content="article" />
<meta property="og:title" content="photo de groupe recadrée - Équipe Mélanie Dubois" />
<meta property="og:url" content="https://melaniedubois.com/files/2017/06/photo-de-groupe-recadrée.jpg" />
<meta property="og:site_name" content="Équipe Mélanie Dubois" />
<meta property="og:image" content="https://melaniedubois.com/files/2017/06/photo-de-groupe-recadrée.jpg" />
	<meta property="og:image:width" content="950" />
	<meta property="og:image:height" content="452" />
	<meta property="og:image:type" content="image/jpeg" />
<meta name="twitter:card" content="summary_large_image" />
<script type="application/ld+json" class="yoast-schema-graph">{"@context":"https://schema.org","@graph":[{"@type":"WebPage","@id":"https://melaniedubois.com/files/2017/06/photo-de-groupe-recadrée.jpg","url":"https://melaniedubois.com/files/2017/06/photo-de-groupe-recadrée.jpg","name":"photo de groupe recadrée - Équipe Mélanie Dubois","isPartOf":{"@id":"https://melaniedubois.com/en/#website"},"datePublished":"2017-06-17T16:11:13+00:00","breadcrumb":{"@id":"https://melaniedubois.com/files/2017/06/photo-de-groupe-recadrée.jpg#breadcrumb"},"inLanguage":"en-US","potentialAction":[{"@type":"ReadAction","target":["https://melaniedubois.com/files/2017/06/photo-de-groupe-recadrée.jpg"]}]},{"@type":"BreadcrumbList","@id":"https://melaniedubois.com/files/2017/06/photo-de-groupe-recadrée.jpg#breadcrumb","itemListElement":[{"@type":"ListItem","position":1,"name":"Accueil","item":"https://melaniedubois.com/en/"},{"@type":"ListItem","position":2,"name":"Our team","item":"https://melaniedubois.com/en/notre-equipe/"},{"@type":"ListItem","position":3,"name":"photo de groupe recadrée"}]},{"@type":"WebSite","@id":"https://melaniedubois.com/en/#website","url":"https://melaniedubois.com/en/","name":"Équipe Mélanie Dubois","description":"Courtier immobilier Montréal, KW Connexion","potentialAction":[{"@type":"SearchAction","target":{"@type":"EntryPoint","urlTemplate":"https://melaniedubois.com/en/?s={search_term_string}"},"query-input":{"@type":"PropertyValueSpecification","valueRequired":true,"valueName":"search_term_string"}}],"inLanguage":"en-US"}]}</script>
<!-- / Yoast SEO plugin. -->

photo de groupe recadrée - Équipe Mélanie Dubois

https://melaniedubois.com/files/2017/06/photo-de-groupe-recadrée.jpg

Équipe Mélanie Dubois

https://melaniedubois.com/files/2017/06/photo-de-groupe-recadrée.jpg#breadcrumb

Courtier immobilier Montréal, KW Connexion

<p class="attachment"><a href='https://melaniedubois.com/files/2017/06/photo-de-groupe-recadrée.jpg'><img loading="lazy" decoding="async" width="300" height="143" src="https://melaniedubois.com/files/2017/06/photo-de-groupe-recadrée-300x143.jpg" class="attachment-medium size-medium" alt="" srcset="https://melaniedubois.com/files/2017/06/photo-de-groupe-recadrée-300x143.jpg 300w, https://melaniedubois.com/files/2017/06/photo-de-groupe-recadrée-768x365.jpg 768w, https://melaniedubois.com/files/2017/06/photo-de-groupe-recadrée.jpg 950w" sizes="auto, (max-width: 300px) 100vw, 300px" /></a></p>

2017/06/photo-de-groupe-recadrée.jpg

photo-de-groupe-recadrée-150x150.jpg

https://melaniedubois.com/files/2017/06/photo-de-groupe-recadrée-150x150.jpg

photo-de-groupe-recadrée-300x143.jpg

https://melaniedubois.com/files/2017/06/photo-de-groupe-recadrée-300x143.jpg

photo-de-groupe-recadrée-768x365.jpg

https://melaniedubois.com/files/2017/06/photo-de-groupe-recadrée-768x365.jpg

photo-de-groupe-recadrée.jpg
